it of 1937?
7
What is the units digit of 174?
4
What is the thousands digit of 1584?
1
What is the units digit of 3082?
2
What is the hundreds digit of 567?
5
What is the tens digit of 4625?
2
What is the hundreds digit of 62453?
4
What is the tens digit of 88?
8
What is the hundreds digit of 23169?
1
What is the tens digit of 81809?
0
What is the hundreds digit of 155?
1
What is the ten thousands digit of 96337?
9
What is the tens digit of 13554?
5
What is the hundreds digit of 789?
7
What is the tens digit of 584?
8
What is the tens digit of 22404?
0
What is the units digit of 8827?
7
What is the tens digit of 477?
7
What is the thousands digit of 10000?
0
What is the hundreds digit of 5292?
2
What is the tens digit of 4092?
9
What is the thousands digit of 97192?
7
What is the thousands digit of 36683?
6
What is the thousands digit of 6622?
6
What is the thousands digit of 95539?
5
What is the tens digit of 91328?
2
What is the thousands digit of 6971?
6
What is the thousands digit of 83136?
3
What is the tens digit of 2607?
0
What is the thousands digit of 4876?
4
What is the units digit of 152?
2
What is the units digit of 24970?
0
What is the tens digit of 15311?
1
What is the tens digit of 1676?
7
What is the units digit of 178542?
2
What is the tens digit of 1585?
8
What is the ten thousands digit of 24061?
2
What is the hundreds digit of 7841?
8
What is the hundreds digit of 353?
3
What is the units digit of 20475?
5
What is the thousands digit of 1396?
1
What is the ten thousands digit of 47685?
4
What is the hundreds digit of 12807?
8
What is the units digit of 1114?
4
What is the tens digit of 870?
7
What is the units digit of 1852?
2
What is the tens digit of 6087?
8
What is the ten thousands digit of 118998?
1
What is the tens digit of 881?
8
What is the units digit of 5923?
3
What is the units digit of 2083?
3
What is the tens digit of 28117?
1
What is the hundreds digit of 477?
4
What is the tens digit of 7013?
1
What is the tens digit of 584?
8
What is the units digit of 21706?
6
What is the hundreds digit of 77700?
7
What is the tens digit of 2242?
4
What is the hundreds digit of 45255?
2
What is the tens digit of 12207?
0
What is the tens digit of 11488?
8
What is the tens digit of 973?
7
What is the tens digit of 12403?
0
What is the ten thousands digit of 10199?
1
What is the tens digit of 3041?
4
What is the hundreds digit of 977?
9
What is the units digit of 12723?
3
What is the hundreds digit of 745?
7
What is the hundreds digit of 26861?
8
What is the thousands digit of 13263?
3
What is the thousands digit of 14039?
4
What is the tens digit of 835?
3
What is the ten thousands digit of 32028?
3
What is the ten thousands digit of 83558?
8
What is the thousands digit of 15489?
5
What is the tens digit of 931?
3
What is the tens digit of 721?
2
What is the ten thousands digit of 19247?
1
What is the units digit of 10773?
3
What is the tens digit of 682?
8
What is the units digit of 14?
4
What is the thousands digit of 19442?
9
What is the hundreds digit of 346?
3
What is the thousands digit of 17908?
7
What is the thousands digit of 12263?
2
What is the hundreds digit of 22257?
2
What is the units digit of 2795?
5
What is the units digit of 992?
2
What is the hundreds digit of 109072?
0
What is the tens digit of 543?
4
What is the units digit of 8806?
6
What is the ten thousands digit of 35456?
3
What is the thousands digit of 69501?
9
What is the tens digit of 55947?
4
What is the hundreds digit of 4316?
3
What is the thousands digit of 55379?
5
What is the units digit of 8610?
0
What is the hundreds digit of 118136?
1
What is the tens digit of 3143?
4
What is the units digit of 1325?
5
What is the units digit of 105?
5
What is the ten thousands digit of 75347?
7
What is the tens digit of 14754?
5
What is the tens digit of 8525?
2
What is the units digit of 101897?
7
What is the thousands digit of 6238?
6
What is the ten thousands digit of 17810?
1
What is the hundreds digit of 15769?
7
What is the ten thousands digit of 60891?
6
What is the units digit of 6287?
7
What is the tens digit of 2727?
2
What is the ten thousands digit of 22887?
2
What is the units digit of 65663?
3
What is the thousands digit of 1755?
1
What is the thousands digit of 1335?
1
What is the units digit of 77?
7
What is the tens digit of 1895?
9
What is the units digit of 997?
7
What is the units digit of 6157?
7
What is the thousands digit of 1736?
1
What is the tens digit of 1059?
5
What is the units digit of 819?
9
What is the hundreds digit of 55932?
9
What is the hundreds digit of 6867?
8
What is the hundreds digit of 3394?
3
What is the tens digit of 2536?
3
What is the thousands digit of 15523?
5
What is the units digit of 13227?
7
What is the hundreds digit of 3882?
8
What is the hundreds digit of 8972?
9
What is the thousands digit of 38182?
8
What is the units digit of 30?
0
What is the units digit of 3890?
0
What is the units digit of 16267?
7
What is the thousands digit of 69318?
9
What is the ten thousands digit of 18918?
1
What is the units digit of 756?
6
What is the units digit of 4692?
2
What is the thousands digit of 9534?
9
What is the ten thousands digit of 10372?
1
What is the hundreds digit of 1382?
3
What is the hundreds digit of 702?
7
What is the thousands digit of 67432?
7
What is the units digit of 756?
6
What is the thousands digit of 3059?
3
What is the units digit of 72?
2
What is the thousands digit of 4790?
4
What is the ten thousands digit of 10473?
1
What is the units digit of 12369?
9
What is the thousands digit of 9092?
9
What is the thousands digit of 3479?
3
What is the tens digit of 232?
3
What is the units digit of 10938?
8
What is the thousands digit of 1126?
1
What is the tens digit of 3414?
1
What is the thousands digit of 45987?
5
What is the hundreds digit of 4025?
0
What is the hundreds digit of 1586?
5
What is the thousands digit of 47945?
7
What is the hundreds digit of 29030?
0
What is the units digit of 2672?
2
What is the hundreds digit of 423?
4
What is the ten thousands digit of 53572?
5
What is the tens digit of 5410?
1
What is the units digit of 898?
8
What is the thousands digit of 21120?
1
What is the thousands digit of 3733?
3
What is the hundreds digit of 155?
1
What is the hundreds digit of 2916?
9
What is the units digit of 1204?
4
What is the ten thousands digit of 47049?
4
What is the units digit of 3172?
2
What is the ten thousands digit of 10470?
1
What is the tens digit of 477?
7
What is the hundreds digit of 3783?
7
What is the hundreds digit of 2407?
4
What is the tens digit of 117190?
9
What is the tens digit of 52012?
1
What is the hundred thousands digit of 115950?
1
What is the ten thousands digit of 53990?
5
What is the hundred thousands digit of 109242?
1
What is the tens digit of 45190?
9
What is the tens digit of 953?
5
What is the thousands digit of 34853?
4
What is the tens digit of 34?
3
What is the hundreds digit of 11427?
4
What is the units digit of 8163?
3
What is the units digit of 5999?
9
What is the thousands digit of 22365?
2
What is the tens digit of 2915?
1
What is the tens digit of 5521?
2
What is the units digit of 1411?
1
What is the tens digit of 60?
6
What is the ten thousands digit of 56429?
5
What is the hundreds digit of 819?
8
What is the units digit of 37598?
8
What is the thousands digit of 58034?
8
What is the tens digit of 2633?
3
What is the tens digit of 2925?
2
What is the ten thousands digit of 10049?
1
What is the thousands digit of 1455?
1
What is the tens digit of 36709?
0
What is the hundreds digit of 862?
8
What is the hundreds digit of 898?
8
What is the thousands digit of 32175?
2
What is the hundreds digit of 764?
7
What is the tens digit of 28276?
7
What is the thousands digit of 13391?
3
What is the thousands digit of 31474?
1
What is the hundreds digit of 2715?
7
What is the units digit of 61262?
2
What is the units digit of 23403?
3
What is the thousands digit of 54321?
4
What is the units digit of 7935?
5
What is the hundreds digit of 991?
9
What is the thousands digit of 3418?
3
What is the thousands digit of 1641?
1
What is the hundreds digit of 13266?
2
What is the thousands digit of 7965?
7
What is the thousands digit of 36